6. Is i a prime number?
False
Let c(p) = -1350*p - 89. Let h be c(-2). Suppose -h + 7517 = 11*z. Is z a composite number?
True
Let k(j) = 17*j**2 + 2*j - 5. Let m(x) = 3*x**2 - x. Let l be m(-1). Suppose 4 = v + z, 5*v - 5*z = 2*v - l. Is k(v) a composite number?
False
Let i(m) = m**2 + 21*m - 308. Let n be i(10). Let u(h) be the first derivative of 36*h**4 - h**2 - h - 2. Is u(n) prime?
False
Suppose -55*i + 21179450 = 115*i. Is i a composite number?
True
Let x(a) = -a**2 - 5*a - 3. Let g be x(-1). Let b be 6 - 1*(-2 + g)*2. Suppose -12*v = -b*v - 9628. Is v composite?
True
Let i(d) be the third derivative of -1/8*d**4 + 0*d + 43/6*d**3 + 0 - 6*d**2. Is i(-8) composite?
False
Let z(b) = 284*b**2 + 21*b + 426. Is z(-13) prime?
False
Suppose 104 = -3*p + 701. Suppose -p = 5*b + 5*m - 2834, -4*b = -2*m - 2126. Suppose 0 = 6*i + b - 1478. Is i prime?
False
Let o(x) = 243*x**2 + 40*x**2 - 2*x + 131 - 93. Is o(7) prime?
False
Suppose 4 = -8*m + 10*m. Let i be (-139 - 0)/(m - 1). Let c = i + 476. Is c composite?
False
Let f be ((-52)/(-78))/((-3)/54*-3). Suppose -5*u + 2*u = 4*q - 3496, 2*q + f*u = 1738. Is q prime?
True
Let f be (-43198)/(-8) - 96/128. Suppose -9*w + 9528 = -13*w. Let g = w + f. Is g a composite number?
True
Suppose 0 = 4*m + 8, 1649*f - 4*m = 1651*f - 43418. Is f a prime number?
True
Suppose -68*t + 331861418 = 72794134. Is t composite?
True
Suppose 14 = 3*q + 11, 2*h - 5*q - 201543 = 0. Is h composite?
True
Suppose -4*g + 809053 = 3*w, 4*g = 3 - 11. Is w prime?
False
Let m(l) = -l**3 - 19*l**2 + 13*l + 21. Suppose -22*g + 5*g - 578 = 0. Is m(g) composite?
True
Let h(p) = 1329*p - 778. Is h(31) a prime number?
False
Let p = 514 - 328. Is -3797*(-2)/12 + 31/p prime?
False
Suppose 0 = 4*g - 9*g - 3*g. Suppose 4*q - 89202 = 5*y, 5*q - 3*y + 2*y - 111513 = g. Is q composite?
False
Suppose -5*z = -20, -3*z - 373 = -v + 782. Let y be (68*-1)/((-2)/32). Suppose -5*g + y = -v. Is g prime?
False
Suppose 32 = 4*q + 44, 4*q = 5*g + 3. Is 27032 - -6*g/(-5 + -1) a composite number?
True
Let t(b) = 3*b**3 + 32*b**2 - 10*b - 925. Is t(42) a composite number?
True
Let w(u) = u**3 - 3*u**2 + 4*u - 7. Let q be w(3). Suppose -2*p = 2*k - 1926, -q*p + 3*p + 2*k + 1934 = 0. Let g = p + -378. Is g composite?
False
Suppose 63371 = o + t - 66307, 0 = -2*o - 4*t + 259346. Is o a prime number?
False
Suppose 3 = -3*f + i + 8, 0 = 2*f - 4*i - 20. Suppose 39 = 2*k + 5*x, 5*k + 2*x - 36 - 9 = f. Suppose -3*p = 2*d - 1187, -2*d + k*p - 2*p = -1163. Is d prime?
False
Suppose -16*m + 19*m = 2*g + 191705, 4*g - 63925 = -m. Is m composite?
True
Let u(f) = 52 - 68 + 33 + 841*f + 33*f. Is u(4) prime?
False
Let n(l) be the first derivative of 161*l**2/2 - 85*l - 165. Is n(12) composite?
False
Let y(l) = -l**3 - 11*l**2 + 3*l + 5. Suppose -2*a = -u + 21, -5*a - 67 = -a + 3*u. Let d be y(a). Suppose -59 - d = -11*x. Is x a prime number?
False
Let k = 34982 + -12622. Suppose -19*j - k = -11*j. Let r = j + 4156. Is r a prime number?
True
Suppose 39*m - 51310 = 103793. Is m a composite number?
True
Let r be (31 + (-2000)/48)*(-2118)/4. Let l be 526*(-3)/(-12)*-10. Let p = r + l. Is p prime?
False
Let g = 2275 + -2272. Suppose -3*v - 5*b = 4, -5*b + 3*b - 8 = -2*v. Suppose -4*x - g*l + 1713 = -1958, 2*x - 1832 = v*l. Is x composite?
True
Let v be (-19)/3 + 3/9. Is (-3)/((-9)/29892) + v/(-2) a composite number?
False
Let k(h) = 7*h + 79. Let l be k(-10). Is (l*-1678)/(-3) + -7 composite?
True
Suppose 5*p + 12 = 12. Suppose p = n - 3 + 1, 5*g - n - 33 = 0. Suppose -3*l = -g*l + 6044. Is l prime?
True
Let f(z) = 354*z + 276*z - 57 + 2 + 94*z. Is f(8) prime?
True
Let d(b) = 689*b + 23. Let u be (-2 + 27/6)*2. Suppose -4 = -6*y + u*y. Is d(y) prime?
False
Let d(w) = 1973*w - 1405. Is d(6) a prime number?
True
Is 12/(9 - 5) - (-9)/((-27)/(-6654)) prime?
True
Let s = -494757 - -933820. Is s prime?
True
Suppose -2*a = a - 2*k - 2, 2*a + k + 1 = 0. Suppose a = -3*w - w - 72. Is w/(-4)*(2 + 158) - 1 a composite number?
False
Is -15*10/75 - (-2 + -417217) a composite number?
False
Suppose -18 = -2*w - 5*i, -8 = -w - 0*w - 2*i. Suppose 263 = -w*r + 1039. Is r a composite number?
True
Suppose 0 = -2*w + 5*w - 4*m - 19, -4*m - 14 = -2*w. Suppose -23 - 12 = -w*c. Suppose c*a + 5*o = 3*a + 6216, 0 = a + 5*o - 1539. Is a a prime number?
True
Is (3/2 - 1)*(31 - -115047) a prime number?
False
Is (-89376)/(-304) - 13/(0 + -1) composite?
False
Let q(t) = -t**3 + 37*t**2 + 12*t - 39. Let s = 239 - 210. Is q(s) composite?
True
Let z = -314647 - -927085. Suppose 8*n = 6*n + z. Is (-8)/(-60) - n/(-45) a prime number?
False
Suppose -14*y - 6 = -17*y + p, -4*p - 6 = -3*y. Suppose y*g + 17*g = 27341. Let l = g - 874. Is l a prime number?
False
Suppose 5139 + 1336 = 7*y. Is y + (4 - (-1 + 9)) composite?
True
Let v = 181261 - 43824. Is v a prime number?
True
Suppose 199*s - 12560922 = -108*s + 109*s. Is s prime?
True
Suppose 0 = -3*v - 5*o - 29, 0*v - 3*v - 21 = 3*o. Let h(q) = -93*q**3 + q**2 - 3*q - 5. Let a be h(v). Suppose -11*l = -7*l - a. Is l composite?
False
Let y(a) be the third derivative of 0*a + 0 + 7/12*a**5 + 1/3*a**4 - 25*a**2 + 2/3*a**3. Is y(-5) a composite number?
False
Let n = 930880 + -657909. Is n composite?
False
Suppose 503*p + 3*z + 653959 = 504*p, 4*z + 24 = 0. Is p a composite number?
False
Let x(l) be the third derivative of 0 - 1363/24*l**4 + 27*l**2 + 0*l - 17/6*l**3. Is x(-4) composite?
True
Let h = 227 + -225. Suppose -20*r = -h*r - 16578. Is r a prime number?
False
Suppose 2*f = -3*d + 260593, 3*d - 79480 + 600621 = 4*f. Is f composite?
True
Let o(h) = 53737*h - 1930. Is o(3) a prime number?
False
Suppose 0 = 10*u + u - 264. Suppose 0 = -31*t + u*t + 6447. Is t prime?
False
Suppose -3*k = -3*r - 36276, 0 = -23*k + 22*k - r + 12102. Is k a prime number?
True
Suppose 46*a - 50*a = -85520. Suppose 4*u + 4*g = a, -4*u - g = 2524 - 23910. Is u composite?
False
Let d(j) = 926651*j - 1414. Is d(1) prime?
True
Let q(t) = -561*t - 168. Let r be q(-30). Is -1*((-14)/(-21))/((-4)/r) prime?
True
Suppose b - 5*q = 20903, -5*b - 6*q = -9*q - 104383. Is b composite?
False
Let g be 36/(-3)*((-28)/8 + 3). Let c(y) = -6*y + 10. Let q(s) = -23*s + 39. Let z(v) = g*q(v) - 22*c(v). Is z(-4) composite?
True
Let h(r) = -r**2 + 10*r - 12. Let m be h(9). Let q(o) = 26*o - 149. Let x be q(6). Is -4 + x + m - -127 composite?
False
Suppose 0 = 67*a - 16355 - 78316. Let f be 2922 - (1 - (-1)/1). Let x = f - a. Is x composite?
True
Is 154/66*1053732/14 prime?
False
Let p(z) = -3*z**3 - z**2 + 44*z - 28. Let v be p(20). Let m = v - -35055. Is m composite?
True
Suppose 141 = -0*z - 3*z. Let r = -43 - z. Suppose 7*f - 633 = r*f. Is f a composite number?
False
Is (0 - 3)/((-16)/(-6290704)*-7) a prime number?
False
Suppose -3*h - 274057 = -4*b + 2*h, 0 = -3*h - 27. Is b prime?
False
Suppose 2*x = -k - 13728, -3*x + 8 = -x. Let n = 21787 + k. Is n a composite number?
True
Let m be (((-58760)/(-6))/(-5))/(25/(-75)). Let s = m + -3061. Is s prime?
False
Let u(r) = -6 - 28 - 15*r - 17*r + 30*r. Let t be u(-18). Suppose -4*n - 649 = -5*g, -2*n + 0*n = -t*g + 258. Is g a prime number?
False
Let p(f) be the first derivative of -31 - 4/3*f**3 + 12439/4*f**4 + 1/2*f**2 + f. Is p(1) composite?
False
Let r(y) = -4*y**2 + 5*y + 46. Let i be r(8). Is ((-5051)/(-2))/((-17)/i) a composite number?
True
Suppose -3*w + 37761 = -4*w. Let v be w/(-12) + (-1)/(-4). Suppose t + v = 4*r, 5*r - 4*t - 3930 = t. Is r composite?
False
Suppose -14*w + 26*w + 123134 - 417986 = 0. Is w composite?
False
Let k be (-12 - -21) + 63/3. Suppose 2*m = -k*m + 1922464. Is m composite?
False
Suppose 5*i + 45250 + 4450 = 0. Let q = i - -14985. Is q composite?
True
Let g = 343446 + -136069. Is g a prime number?
True
Suppose -4*t + 1279 = -8*t + 3*n, -5*t - 1590 = 5*n. Suppose -3*m - 4*l = -1880, 5*m - 3*m + l - 1250 = 0. Let j = t + m. Is j composite?
True
Let g(n) = 27*n**3 - 5*n**2 - n + 3. Let f be g(-4). Let r(t) = 111*t + 92. Let l be r(28). Let a = l + f. Is a a prime number?
True
Let a(n) = 3*n**3 + 2*n - 2. Let k be a(1). Suppose -k*s + 1769 + 262 = 0. Is s a prime number?
True
Let j = -1 - -4. Suppose 384 = 5*o - j*o. Let d = 79 + o. Is d a prime number?
True
Let o(u) = u**3 + 10*u**2 + 19*u - 11. Let h be o(-7). Suppose 0 = -3*x + 3